{"id":22,"date":"2025-03-05T12:55:49","date_gmt":"2025-03-05T11:55:49","guid":{"rendered":"https:\/\/editionscaravela.fr\/?page_id=22"},"modified":"2025-03-06T00:21:23","modified_gmt":"2025-03-05T23:21:23","slug":"manuscrits","status":"publish","type":"page","link":"https:\/\/editionscaravela.fr\/index.php\/manuscrits\/","title":{"rendered":"Manuscrits"},"content":{"rendered":"\n<p><\/p>\n\n\n\n<p><em>Caravela <\/em>recherche des manuscrits de r\u00e9cits de voyage et de toute forme de litt\u00e9rature voyageuse (romans, essais, t\u00e9moignages, autofiction&#8230;), c&#8217;est-\u00e0-dire dans laquelle les th\u00e8mes du voyage, du &#8220;lointain&#8221;, de l&#8217;exploration ou de la d\u00e9couverte tiennent une place importante.<\/p>\n\n\n\n<p>Envoyez vos manuscrits aux formats doc, odt ou pdf \u00e0 : editions.caravela@gmail.com<\/p>\n\n\n\n<p>ou imprim\u00e9s \u00e0 : Editions Caravela, Bat A Clos Pascal, 2 av Laurent Vibert 13090 Aix en Provence &#8211; France<\/p>\n","protected":false},"excerpt":{"rendered":"<p>Caravela recherche des manuscrits de r\u00e9cits de voyage et de toute forme de litt\u00e9rature voyageuse (romans, essais, t\u00e9moignages, autofiction&#8230;), c&#8217;est-\u00e0-dire dans laquelle les th\u00e8mes du voyage, du &#8220;lointain&#8221;, de l&#8217;exploration ou de la d\u00e9couverte tiennent une place importante. Envoyez vos manuscrits aux formats doc, odt ou pdf \u00e0 : editions.caravela@gmail.com ou imprim\u00e9s \u00e0 : Editions Caravela, Bat A Clos Pascal, 2 av Laurent Vibert 13090 Aix en Provence &#8211; France<\/p>\n","protected":false},"author":1,"featured_media":0,"parent":0,"menu_order":0,"comment_status":"closed","ping_status":"closed","template":"","meta":{"footnotes":""},"class_list":["post-22","page","type-page","status-publish","hentry"],"_links":{"self":[{"href":"https:\/\/editionscaravela.fr\/index.php\/wp-json\/wp\/v2\/pages\/22","targetHints":{"allow":["GET"]}}],"collection":[{"href":"https:\/\/editionscaravela.fr\/index.php\/wp-json\/wp\/v2\/pages"}],"about":[{"href":"https:\/\/editionscaravela.fr\/index.php\/wp-json\/wp\/v2\/types\/page"}],"author":[{"embeddable":true,"href":"https:\/\/editionscaravela.fr\/index.php\/wp-json\/wp\/v2\/users\/1"}],"replies":[{"embeddable":true,"href":"https:\/\/editionscaravela.fr\/index.php\/wp-json\/wp\/v2\/comments?post=22"}],"version-history":[{"count":4,"href":"https:\/\/editionscaravela.fr\/index.php\/wp-json\/wp\/v2\/pages\/22\/revisions"}],"predecessor-version":[{"id":55,"href":"https:\/\/editionscaravela.fr\/index.php\/wp-json\/wp\/v2\/pages\/22\/revisions\/55"}],"wp:attachment":[{"href":"https:\/\/editionscaravela.fr\/index.php\/wp-json\/wp\/v2\/media?parent=22"}],"curies":[{"name":"wp","href":"https:\/\/api.w.org\/{rel}","templated":true}]}}